{"id":83,"date":"2023-06-01T17:04:35","date_gmt":"2023-06-01T17:04:35","guid":{"rendered":"https:\/\/galileo.edu.ar\/sitio23\/?page_id=83"},"modified":"2023-09-07T23:59:50","modified_gmt":"2023-09-07T23:59:50","slug":"ciclo-basico","status":"publish","type":"page","link":"https:\/\/galileo.edu.ar\/sitio23\/ciclo-basico\/","title":{"rendered":"C\u00edclo B\u00e1sico"},"content":{"rendered":"\n<p style=\"padding-top:0;padding-right:0\">Al finalizar el taller del ciclo b\u00e1sico t\u00e9cnico los alumnos deber\u00e1n haber desarrollado capacidades para:<\/p>\n\n\n\n<ul class=\"wp-block-list\">\n<li>Conocer los sistemas socio-productivos locales, su constituci\u00f3n hist\u00f3rica y actual e interpretando la estructura de productos y procesos tecnol\u00f3gicos, en el marco del enfoque sist\u00e9mico, identificando componentes y sus relaciones.<\/li>\n\n\n\n<li>Abordar y resolver situaciones problem\u00e1ticas de orden t\u00e9cnico y tecnol\u00f3gico, considerando el alcance de las mismas.<\/li>\n\n\n\n<li>Buscar, seleccionar y clasificar la informaci\u00f3n tecnol\u00f3gica representada por diversos medios, comunic\u00e1ndose de forma oral y escrita con el lenguaje tecnol\u00f3gico apropiado.<\/li>\n\n\n\n<li>Organizar, gestionar y desempe\u00f1arse dentro de un equipo de trabajo.<\/li>\n\n\n\n<li>Dise\u00f1ar y construir objetos, servicios y\/o mecanismos planificando los procesos y tomando decisiones en funci\u00f3n de la predicci\u00f3n de los resultados.<\/li>\n\n\n\n<li>Seleccionar y utilizar correctamente las herramientas, m\u00e1quinas, materiales e instrumentos, en relaci\u00f3n con la problem\u00e1tica a resolver.<\/li>\n\n\n\n<li>Prever los riesgos personales y ambientales, poniendo en pr\u00e1ctica las normas de seguridad e higiene.<\/li>\n\n\n\n<li class=\"has-small-font-size\">Gestionar su propio aprendizaje de forma organizada y met\u00f3dica, respetando las caracter\u00edsticas propias para el abordaje de cada \u00e1rea del conocimiento.<\/li>\n<\/ul>\n\n\n\n<hr class=\"wp-block-separator aligncenter has-alpha-channel-opacity\"\/>\n\n\n\n<div class=\"alignnormal\"><div id=\"metaslider-id-409\" style=\"width: 100%; margin: 0 auto;\" class=\"ml-slider-3-108-0 metaslider metaslider-flex metaslider-409 ml-slider has-dots-nav has-carousel-mode ms-theme-default\" role=\"region\" aria-label=\"CBasico\" data-height=\"768\" data-width=\"1024\">\n    <div id=\"metaslider_container_409\">\n        <div id=\"metaslider_409\">\n            <ul class='slides'>\n                <li style=\"display: none; width: 100%;\" class=\"slide-410 ms-image \" aria-roledescription=\"slide\" data-date=\"2023-09-07 00:43:10\" data-filename=\"IMG_1910-scaled-1024x768.jpg\" data-slide-type=\"image\"><img loading=\"lazy\" decoding=\"async\" src=\"https:\/\/galileo.edu.ar\/sitio23\/wp-content\/uploads\/2023\/09\/IMG_1910-scaled-1024x768.jpg\" height=\"768\" width=\"1024\" alt=\"\" class=\"slider-409 slide-410 msDefaultImage\" title=\"IMG_1910\" \/><\/li>\n                <li style=\"display: none; width: 100%;\" class=\"slide-411 ms-image \" aria-roledescription=\"slide\" data-date=\"2023-09-07 00:43:10\" data-filename=\"IMG_1876-scaled-1024x768.jpg\" data-slide-type=\"image\"><img loading=\"lazy\" decoding=\"async\" src=\"https:\/\/galileo.edu.ar\/sitio23\/wp-content\/uploads\/2023\/09\/IMG_1876-scaled-1024x768.jpg\" height=\"768\" width=\"1024\" alt=\"\" class=\"slider-409 slide-411 msDefaultImage\" title=\"IMG_1876\" \/><\/li>\n                <li style=\"display: none; width: 100%;\" class=\"slide-412 ms-image \" aria-roledescription=\"slide\" data-date=\"2023-09-07 00:43:10\" data-filename=\"IMG_1871-scaled-1024x768.jpg\" data-slide-type=\"image\"><img loading=\"lazy\" decoding=\"async\" src=\"https:\/\/galileo.edu.ar\/sitio23\/wp-content\/uploads\/2023\/09\/IMG_1871-scaled-1024x768.jpg\" height=\"768\" width=\"1024\" alt=\"\" class=\"slider-409 slide-412 msDefaultImage\" title=\"IMG_1871\" \/><\/li>\n                <li style=\"display: none; width: 100%;\" class=\"slide-413 ms-image \" aria-roledescription=\"slide\" data-date=\"2023-09-07 00:43:10\" data-filename=\"IMG_1849-scaled-1024x768.jpg\" data-slide-type=\"image\"><img loading=\"lazy\" decoding=\"async\" src=\"https:\/\/galileo.edu.ar\/sitio23\/wp-content\/uploads\/2023\/09\/IMG_1849-scaled-1024x768.jpg\" height=\"768\" width=\"1024\" alt=\"\" class=\"slider-409 slide-413 msDefaultImage\" title=\"IMG_1849\" \/><\/li>\n                <li style=\"display: none; width: 100%;\" class=\"slide-414 ms-image \" aria-roledescription=\"slide\" data-date=\"2023-09-07 00:43:10\" data-filename=\"IMG_1859-scaled-1024x768.jpg\" data-slide-type=\"image\"><img loading=\"lazy\" decoding=\"async\" src=\"https:\/\/galileo.edu.ar\/sitio23\/wp-content\/uploads\/2023\/09\/IMG_1859-scaled-1024x768.jpg\" height=\"768\" width=\"1024\" alt=\"\" class=\"slider-409 slide-414 msDefaultImage\" title=\"IMG_1859\" \/><\/li>\n            <\/ul>\n        <\/div>\n        \n    <\/div>\n<\/div><\/div>\n\n\n\n<h2 class=\"wp-block-heading\">Dise\u00f1o Curricular<\/h2>\n\n\n\n<div data-wp-interactive=\"core\/file\" class=\"wp-block-file aligncenter\"><object data-wp-bind--hidden=\"!state.hasPdfPreview\" hidden class=\"wp-block-file__embed\" data=\"https:\/\/galileo.edu.ar\/sitio23\/wp-content\/uploads\/2023\/09\/DC-Ciclo-basico-Res.-88-09.pdf\" type=\"application\/pdf\" style=\"width:100%;height:600px\" aria-label=\"Incrustado de DC Ciclo b\u00e1sico - Res. 88-09.\"><\/object><a id=\"wp-block-file--media-aed5c532-c407-4797-b0b7-4f1705f46aa9\" href=\"https:\/\/galileo.edu.ar\/sitio23\/wp-content\/uploads\/2023\/09\/DC-Ciclo-basico-Res.-88-09.pdf\">DC Ciclo b\u00e1sico &#8211; Res. 88-09<\/a><a href=\"https:\/\/galileo.edu.ar\/sitio23\/wp-content\/uploads\/2023\/09\/DC-Ciclo-basico-Res.-88-09.pdf\" class=\"wp-block-file__button wp-element-button\" download aria-describedby=\"wp-block-file--media-aed5c532-c407-4797-b0b7-4f1705f46aa9\">Descarga<\/a><\/div>\n","protected":false},"excerpt":{"rendered":"<p>Al finalizar el taller del ciclo b\u00e1sico t\u00e9cnico los alumnos deber\u00e1n haber desarrollado capacidades para: Dise\u00f1o Curricular<\/p>\n","protected":false},"author":1,"featured_media":452,"parent":0,"menu_order":0,"comment_status":"closed","ping_status":"closed","template":"","meta":{"_acf_changed":false,"footnotes":""},"class_list":["post-83","page","type-page","status-publish","has-post-thumbnail","hentry","entry"],"acf":[],"_links":{"self":[{"href":"https:\/\/galileo.edu.ar\/sitio23\/wp-json\/wp\/v2\/pages\/83","targetHints":{"allow":["GET"]}}],"collection":[{"href":"https:\/\/galileo.edu.ar\/sitio23\/wp-json\/wp\/v2\/pages"}],"about":[{"href":"https:\/\/galileo.edu.ar\/sitio23\/wp-json\/wp\/v2\/types\/page"}],"author":[{"embeddable":true,"href":"https:\/\/galileo.edu.ar\/sitio23\/wp-json\/wp\/v2\/users\/1"}],"replies":[{"embeddable":true,"href":"https:\/\/galileo.edu.ar\/sitio23\/wp-json\/wp\/v2\/comments?post=83"}],"version-history":[{"count":7,"href":"https:\/\/galileo.edu.ar\/sitio23\/wp-json\/wp\/v2\/pages\/83\/revisions"}],"predecessor-version":[{"id":460,"href":"https:\/\/galileo.edu.ar\/sitio23\/wp-json\/wp\/v2\/pages\/83\/revisions\/460"}],"wp:featuredmedia":[{"embeddable":true,"href":"https:\/\/galileo.edu.ar\/sitio23\/wp-json\/wp\/v2\/media\/452"}],"wp:attachment":[{"href":"https:\/\/galileo.edu.ar\/sitio23\/wp-json\/wp\/v2\/media?parent=83"}],"curies":[{"name":"wp","href":"https:\/\/api.w.org\/{rel}","templated":true}]}}